{"id":554,"date":"2017-06-01T10:26:35","date_gmt":"2017-06-01T10:26:35","guid":{"rendered":"http:\/\/www.articolovtrainingforbusiness.com\/?page_id=554"},"modified":"2020-10-06T11:16:35","modified_gmt":"2020-10-06T09:16:35","slug":"testimonianze","status":"publish","type":"page","link":"https:\/\/www.articolovtrainingforbusiness.com\/index.php\/testimonianze\/","title":{"rendered":"Testimonianze"},"content":{"rendered":"[vc_row padding=&#8221;default-padding&#8221;][vc_column width=&#8221;1\/3&#8243;][az_divider][az_column_text]\n<h3>VALERIO BRINO<br \/>\nTitolare<br \/>\nBrino Servizi<\/h3>\n[\/az_column_text][az_blank_divider][az_column_text]Preg.ma Sabina, riporto con entusiasmo il parere positivo di tutti i partecipanti al corso di luned\u00ec scorso, tutti i membri del mio staff si sono sorpresi sia del bellissimo sito, sia del percorso esperenziale, che \u00e8 stata una vera sorpresa.<\/p>\n<p>Lavorare con i cavalli \u00e8 stato come entrare in una dimensione diversa, lontana dalla classica routine quotidiana, il tempo si \u00e8 dilatato, le emozioni amplificate, permettendoci di vedere le cose con occhi diversi.<\/p>\n<p>La Tua professionalit\u00e0 e delle tue collaboratrici hanno accentuato l\u2019evidenza di alcune problematiche di team che difficilmente si sarebbe comprese, quindi ritengo molto utile per altre organizzazioni aziendali poter usufruire del particolare percorso formativo.<\/p>\n<p>BRAVE!!<\/p>\n<p>Un sentito ringraziamento da parte mia e di tutti i miei collaboratori.[\/az_column_text][\/vc_column][vc_column width=&#8221;1\/3&#8243;][az_divider][az_column_text]\n<h3>LUCA BOCCATO<br \/>\nCEO<br \/>\nHNH Hospitality<\/h3>\n[\/az_column_text][az_blank_divider][az_column_text]Grazie ad\u00a0<a href=\"https:\/\/www.linkedin.com\/company\/articolo-v-horse-academy\/\" data-attribute-index=\"0\" data-entity-hovercard-id=\"urn:li:fs_miniCompany:18585309\" data-entity-type=\"MINI_COMPANY\"><strong>Articolo V Horse Academy<\/strong><\/a>\u00a0e a\u00a0<a href=\"https:\/\/www.linkedin.com\/in\/ACoAAAA9SGIBNXWugsM1DmTIHg4ZwsX80SftVW8\" data-attribute-index=\"2\" data-entity-hovercard-id=\"urn:li:fs_miniProfile:ACoAAAA9SGIBNXWugsM1DmTIHg4ZwsX80SftVW8\" data-entity-type=\"MINI_PROFILE\"><strong>Sabina Antoniazzi<\/strong><\/a>\u00a0per questa speciale attivit\u00e0 di formazione che ci ha fatto uscire dalla nostra zona di confort per utilizzare energie, emozioni e relazioni in modo del tutto nuovo, insolito ed efficace.[\/az_column_text][\/vc_column][vc_column width=&#8221;1\/3&#8243;][\/vc_column][\/vc_row][vc_row padding=&#8221;default-padding&#8221;][vc_column width=&#8221;1\/3&#8243;][az_divider][az_column_text]\n<h3>MATTEO CAMPEOTTO<br \/>\nDesigner industriale<br \/>\nABM Italia<\/h3>\n[\/az_column_text][az_blank_divider][az_column_text]Esperienze, sensazioni ed emozioni. Non sei in un\u2019aula, non sei in una scuola, ma nel mondo reale trasformato per condurti attraverso un viaggio. Un viaggio in cui incontri molti aspetti di te stesso, in cui il cavallo diventa veramente il tuo specchio che riflette un\u2019immagine viva, a volte indipendente. Un viaggio in cui impari ad osservare ed ascoltare e scopri nuovi modi di comunicare con gli altri.<br \/>\nUn cambiamento che porta benefici anche nella vita privata e nelle persone vicine.[\/az_column_text][\/vc_column][vc_column width=&#8221;1\/3&#8243;][az_divider][az_column_text]\n<h3>FRANCESCA POSOCCO<br \/>\nTitolare<br \/>\nKora comunicazione<\/h3>\n[\/az_column_text][az_blank_divider][az_column_text]\u00c8 stata un\u2019esperienza di formazione molto autentica.<br \/>\nIl cavallo \u00e8 stato un interlocutore silenzioso ma molto potente. Mi ha fatto portare consapevolezza sul modo in cui comunico con le altre persone e mi ha insegnato a essere presente nelle situazioni, senza alcuna sovrastruttura razionale.[\/az_column_text][\/vc_column][vc_column width=&#8221;1\/3&#8243;][az_divider][az_column_text]\n<h3>GIORGIO GRANDO<br \/>\nRicerca e Sviluppo<br \/>\nABS Group srl<\/h3>\n[\/az_column_text][az_blank_divider][az_column_text]Con i cavalli capisci che le parole non contano. Sono la tua energia, la tua espressivit\u00e0, la tua gestualit\u00e0 che fanno la differenza. Lavorare insieme agli animali \u00e8 stato uno specchio molto immediato di molte dinamiche relazionali che si instaurano ogni giorno con tutte le persone con cui interagisci.[\/az_column_text][\/vc_column][\/vc_row]\n","protected":false},"excerpt":{"rendered":"<p>[vc_row padding=&#8221;default-padding&#8221;][vc_column width=&#8221;1\/3&#8243;][az_divider][az_column_text] VALERIO BRINO Titolare Brino Servizi [\/az_column_text][az_blank_divider][az_column_text]Preg.ma Sabina, riporto con entusiasmo il parere positivo di tutti i partecipanti al corso di luned\u00ec scorso, tutti i membri del mio staff si sono sorpresi [&hellip;]<\/p>\n","protected":false},"author":4,"featured_media":0,"parent":0,"menu_order":0,"comment_status":"closed","ping_status":"closed","template":"","meta":{"_mi_skip_tracking":false},"yoast_head":"<!-- This site is optimized with the Yoast SEO plugin v19.14 - https:\/\/yoast.com\/wordpress\/plugins\/seo\/ -->\n<title>Testimonianze - Articolo V Training for Business<\/title>\n<meta name=\"description\" content=\"Testimonianze - La parola a chi ha lavorato con noi: Designer industriale ABM Italia, Titolare Kora comunicazione, Ricerca e Sviluppo ABS Group srl\" \/>\n<meta name=\"robots\" content=\"index, follow, max-snippet:-1, max-image-preview:large, max-video-preview:-1\" \/>\n<link rel=\"canonical\" href=\"https:\/\/www.articolovtrainingforbusiness.com\/index.php\/testimonianze\/\" \/>\n<meta property=\"og:locale\" content=\"it_IT\" \/>\n<meta property=\"og:type\" content=\"article\" \/>\n<meta property=\"og:title\" content=\"Testimonianze - Articolo V Training for Business\" \/>\n<meta property=\"og:description\" content=\"Testimonianze - La parola a chi ha lavorato con noi: Designer industriale ABM Italia, Titolare Kora comunicazione, Ricerca e Sviluppo ABS Group srl\" \/>\n<meta property=\"og:url\" content=\"https:\/\/www.articolovtrainingforbusiness.com\/index.php\/testimonianze\/\" \/>\n<meta property=\"og:site_name\" content=\"Articolo V Training for Business\" \/>\n<meta property=\"article:modified_time\" content=\"2020-10-06T09:16:35+00:00\" \/>\n<meta name=\"twitter:card\" content=\"summary_large_image\" \/>\n<meta name=\"twitter:label1\" content=\"Tempo di lettura stimato\" \/>\n\t<meta name=\"twitter:data1\" content=\"2 minuti\" \/>\n<script type=\"application\/ld+json\" class=\"yoast-schema-graph\">{\"@context\":\"https:\/\/schema.org\",\"@graph\":[{\"@type\":\"WebPage\",\"@id\":\"https:\/\/www.articolovtrainingforbusiness.com\/index.php\/testimonianze\/\",\"url\":\"https:\/\/www.articolovtrainingforbusiness.com\/index.php\/testimonianze\/\",\"name\":\"Testimonianze - Articolo V Training for Business\",\"isPartOf\":{\"@id\":\"https:\/\/www.articolovtrainingforbusiness.com\/#website\"},\"datePublished\":\"2017-06-01T10:26:35+00:00\",\"dateModified\":\"2020-10-06T09:16:35+00:00\",\"description\":\"Testimonianze - La parola a chi ha lavorato con noi: Designer industriale ABM Italia, Titolare Kora comunicazione, Ricerca e Sviluppo ABS Group srl\",\"breadcrumb\":{\"@id\":\"https:\/\/www.articolovtrainingforbusiness.com\/index.php\/testimonianze\/#breadcrumb\"},\"inLanguage\":\"it-IT\",\"potentialAction\":[{\"@type\":\"ReadAction\",\"target\":[\"https:\/\/www.articolovtrainingforbusiness.com\/index.php\/testimonianze\/\"]}]},{\"@type\":\"BreadcrumbList\",\"@id\":\"https:\/\/www.articolovtrainingforbusiness.com\/index.php\/testimonianze\/#breadcrumb\",\"itemListElement\":[{\"@type\":\"ListItem\",\"position\":1,\"name\":\"Home\",\"item\":\"https:\/\/www.articolovtrainingforbusiness.com\/\"},{\"@type\":\"ListItem\",\"position\":2,\"name\":\"Testimonianze\"}]},{\"@type\":\"WebSite\",\"@id\":\"https:\/\/www.articolovtrainingforbusiness.com\/#website\",\"url\":\"https:\/\/www.articolovtrainingforbusiness.com\/\",\"name\":\"Articolo V Training for Business\",\"description\":\"I cavalli nella formazione\",\"publisher\":{\"@id\":\"https:\/\/www.articolovtrainingforbusiness.com\/#organization\"},\"potentialAction\":[{\"@type\":\"SearchAction\",\"target\":{\"@type\":\"EntryPoint\",\"urlTemplate\":\"https:\/\/www.articolovtrainingforbusiness.com\/?s={search_term_string}\"},\"query-input\":\"required name=search_term_string\"}],\"inLanguage\":\"it-IT\"},{\"@type\":\"Organization\",\"@id\":\"https:\/\/www.articolovtrainingforbusiness.com\/#organization\",\"name\":\"Articolo V Horse Academy\",\"url\":\"https:\/\/www.articolovtrainingforbusiness.com\/\",\"logo\":{\"@type\":\"ImageObject\",\"inLanguage\":\"it-IT\",\"@id\":\"https:\/\/www.articolovtrainingforbusiness.com\/#\/schema\/logo\/image\/\",\"url\":\"https:\/\/www.articolovtrainingforbusiness.com\/wp-content\/uploads\/articolo-v-training-for-business-logo-2.jpg\",\"contentUrl\":\"https:\/\/www.articolovtrainingforbusiness.com\/wp-content\/uploads\/articolo-v-training-for-business-logo-2.jpg\",\"width\":250,\"height\":163,\"caption\":\"Articolo V Horse Academy\"},\"image\":{\"@id\":\"https:\/\/www.articolovtrainingforbusiness.com\/#\/schema\/logo\/image\/\"}}]}<\/script>\n<!-- \/ Yoast SEO plugin. -->","yoast_head_json":{"title":"Testimonianze - Articolo V Training for Business","description":"Testimonianze - La parola a chi ha lavorato con noi: Designer industriale ABM Italia, Titolare Kora comunicazione, Ricerca e Sviluppo ABS Group srl","robots":{"index":"index","follow":"follow","max-snippet":"max-snippet:-1","max-image-preview":"max-image-preview:large","max-video-preview":"max-video-preview:-1"},"canonical":"https:\/\/www.articolovtrainingforbusiness.com\/index.php\/testimonianze\/","og_locale":"it_IT","og_type":"article","og_title":"Testimonianze - Articolo V Training for Business","og_description":"Testimonianze - La parola a chi ha lavorato con noi: Designer industriale ABM Italia, Titolare Kora comunicazione, Ricerca e Sviluppo ABS Group srl","og_url":"https:\/\/www.articolovtrainingforbusiness.com\/index.php\/testimonianze\/","og_site_name":"Articolo V Training for Business","article_modified_time":"2020-10-06T09:16:35+00:00","twitter_card":"summary_large_image","twitter_misc":{"Tempo di lettura stimato":"2 minuti"},"schema":{"@context":"https:\/\/schema.org","@graph":[{"@type":"WebPage","@id":"https:\/\/www.articolovtrainingforbusiness.com\/index.php\/testimonianze\/","url":"https:\/\/www.articolovtrainingforbusiness.com\/index.php\/testimonianze\/","name":"Testimonianze - Articolo V Training for Business","isPartOf":{"@id":"https:\/\/www.articolovtrainingforbusiness.com\/#website"},"datePublished":"2017-06-01T10:26:35+00:00","dateModified":"2020-10-06T09:16:35+00:00","description":"Testimonianze - La parola a chi ha lavorato con noi: Designer industriale ABM Italia, Titolare Kora comunicazione, Ricerca e Sviluppo ABS Group srl","breadcrumb":{"@id":"https:\/\/www.articolovtrainingforbusiness.com\/index.php\/testimonianze\/#breadcrumb"},"inLanguage":"it-IT","potentialAction":[{"@type":"ReadAction","target":["https:\/\/www.articolovtrainingforbusiness.com\/index.php\/testimonianze\/"]}]},{"@type":"BreadcrumbList","@id":"https:\/\/www.articolovtrainingforbusiness.com\/index.php\/testimonianze\/#breadcrumb","itemListElement":[{"@type":"ListItem","position":1,"name":"Home","item":"https:\/\/www.articolovtrainingforbusiness.com\/"},{"@type":"ListItem","position":2,"name":"Testimonianze"}]},{"@type":"WebSite","@id":"https:\/\/www.articolovtrainingforbusiness.com\/#website","url":"https:\/\/www.articolovtrainingforbusiness.com\/","name":"Articolo V Training for Business","description":"I cavalli nella formazione","publisher":{"@id":"https:\/\/www.articolovtrainingforbusiness.com\/#organization"},"potentialAction":[{"@type":"SearchAction","target":{"@type":"EntryPoint","urlTemplate":"https:\/\/www.articolovtrainingforbusiness.com\/?s={search_term_string}"},"query-input":"required name=search_term_string"}],"inLanguage":"it-IT"},{"@type":"Organization","@id":"https:\/\/www.articolovtrainingforbusiness.com\/#organization","name":"Articolo V Horse Academy","url":"https:\/\/www.articolovtrainingforbusiness.com\/","logo":{"@type":"ImageObject","inLanguage":"it-IT","@id":"https:\/\/www.articolovtrainingforbusiness.com\/#\/schema\/logo\/image\/","url":"https:\/\/www.articolovtrainingforbusiness.com\/wp-content\/uploads\/articolo-v-training-for-business-logo-2.jpg","contentUrl":"https:\/\/www.articolovtrainingforbusiness.com\/wp-content\/uploads\/articolo-v-training-for-business-logo-2.jpg","width":250,"height":163,"caption":"Articolo V Horse Academy"},"image":{"@id":"https:\/\/www.articolovtrainingforbusiness.com\/#\/schema\/logo\/image\/"}}]}},"_links":{"self":[{"href":"https:\/\/www.articolovtrainingforbusiness.com\/index.php\/wp-json\/wp\/v2\/pages\/554"}],"collection":[{"href":"https:\/\/www.articolovtrainingforbusiness.com\/index.php\/wp-json\/wp\/v2\/pages"}],"about":[{"href":"https:\/\/www.articolovtrainingforbusiness.com\/index.php\/wp-json\/wp\/v2\/types\/page"}],"author":[{"embeddable":true,"href":"https:\/\/www.articolovtrainingforbusiness.com\/index.php\/wp-json\/wp\/v2\/users\/4"}],"replies":[{"embeddable":true,"href":"https:\/\/www.articolovtrainingforbusiness.com\/index.php\/wp-json\/wp\/v2\/comments?post=554"}],"version-history":[{"count":5,"href":"https:\/\/www.articolovtrainingforbusiness.com\/index.php\/wp-json\/wp\/v2\/pages\/554\/revisions"}],"predecessor-version":[{"id":1184,"href":"https:\/\/www.articolovtrainingforbusiness.com\/index.php\/wp-json\/wp\/v2\/pages\/554\/revisions\/1184"}],"wp:attachment":[{"href":"https:\/\/www.articolovtrainingforbusiness.com\/index.php\/wp-json\/wp\/v2\/media?parent=554"}],"curies":[{"name":"wp","href":"https:\/\/api.w.org\/{rel}","templated":true}]}}