{"id":904,"date":"2018-05-25T09:28:50","date_gmt":"2018-05-25T07:28:50","guid":{"rendered":"http:\/\/www.articolovtrainingforbusiness.com\/?page_id=904"},"modified":"2018-06-07T16:33:08","modified_gmt":"2018-06-07T14:33:08","slug":"consenso-informato","status":"publish","type":"page","link":"https:\/\/www.articolovtrainingforbusiness.com\/index.php\/consenso-informato\/","title":{"rendered":"Consenso informato"},"content":{"rendered":"[vc_row padding=&#8221;custom-padding&#8221; padding_bottom_value=&#8221;0&#8243;][vc_column][az_column_text]Conformemente a quanto previsto dall\u2019art. 13 del Regolamento (UE) 2016\/679, la nostra Societ\u00e0 Articolo V Horse Academy Training For Business, con sede in Via Caliselle 29, Colle Umberto (Treviso), Titolare del trattamento, informa che il trattamento dei dati personali, compreso l\u2019indirizzo di posta elettronica, altri indirizzi o identificativi personali forniti mediante la compilazione dei moduli presenti nel proprio sito internet, verr\u00e0 effettuato per le finalit\u00e0 ed alle condizioni di seguito previste.[\/az_column_text][\/vc_column][\/vc_row][vc_row][vc_column][az_divider][\/vc_column][\/vc_row][vc_row][vc_column][az_column_text]\n<h3>NATURA DEI DATI TRATTATI E FINALIT\u00c0 DEL TRATTAMENTO<\/h3>\n[\/az_column_text][\/vc_column][\/vc_row][vc_row][vc_column][az_column_text]La nostra Societ\u00e0 Articolo V Horse Academy Training For Business, con sede in Via Caliselle 29, Colle Umberto (Treviso), acquisir\u00e0 e tratter\u00e0 unicamente dati anagrafici ed eventualmente fiscali; in nessun caso tratter\u00e0 dati definibili, ai sensi dell\u2019art. 9 del Regolamento 679, come \u201cparticolari\u201d.<br \/>\nI dati personali forniti a Articolo V Horse Academy Training For Business, con sede in Via Caliselle 29, Colle Umberto (Treviso), verranno da questa trattati per il perseguimento delle seguenti finalit\u00e0:<br \/>\na) per dar seguito alle specifiche richieste comunicate a Articolo V Horse Academy Training For Business, con sede in Via Caliselle 29, Colle Umberto (Treviso), per il tramite del suo sito internet;<br \/>\nb) per l\u2019iscrizione alla newsletter ed il conseguente ricevimento di comunicazioni informative varie concernenti il settore nel quale opera Articolo V Horse Academy Training For Business, con sede in Via Caliselle 29, Colle Umberto (Treviso);<br \/>\nc) per comunicazioni di natura commerciale, pubblicitaria ed illustrativa dei prodotti e servizi della stessa societ\u00e0. (1)[\/az_column_text][\/vc_column][\/vc_row][vc_row][vc_column][az_divider][\/vc_column][\/vc_row][vc_row][vc_column][az_column_text]\n<h3>NECESSIT\u00c0 DEL CONFERIMENTO DEI DATI<\/h3>\n[\/az_column_text][\/vc_column][\/vc_row][vc_row][vc_column][az_column_text]Il conferimento dei dati \u00e8 necessario per poter consentirci di dare esecuzione alle richieste dell\u2019utente. Esso \u00e8, invece, facoltativo per le attivit\u00e0 promozionali e di marketing di cui alle lettere b) e c). L\u2019eventuale rifiuto a fornire, in tutto o in parte, i dati personali in oggetto potrebbe comportare l\u2019impossibilit\u00e0 di dare seguito alla richiesta dell\u2019interessato, ed impedirebbe, comunque, lo svolgimento delle attivit\u00e0 promozionali e di marketing.[\/az_column_text][\/vc_column][\/vc_row][vc_row][vc_column][az_divider][\/vc_column][\/vc_row][vc_row][vc_column][az_column_text]\n<h3>MODALIT\u00c0 DEL TRATTAMENTO DEI DATI<\/h3>\n[\/az_column_text][\/vc_column][\/vc_row][vc_row][vc_column][az_column_text]I dati sono organizzati in archivi cartacei ed in banche dati elettroniche; il trattamento degli stessi avviene mediante l\u2019utilizzo di strumenti manuali, informatici, telematici e procedure idonee a garantirne la sicurezza e la riservatezza, nel rispetto comunque delle misure di sicurezza ritenute adeguate in forza dei principi del GDPR (art. 32).<br \/>\nPer le finalit\u00e0 sopra indicate, i dati suddetti verranno conservati dalla nostra societ\u00e0 per un massimo di 20 anni per le finalit\u00e0 di marketing su indicate, fatto salvo l\u2019esercizio da parte del destinatario dei diritti previsti tra cui quelli di opposizione e cancellazione, e potranno venire a conoscenza delle seguenti categorie di incaricati e\/o responsabili: ufficio marketing, ufficio commerciale, ufficio amministrazione.[\/az_column_text][\/vc_column][\/vc_row][vc_row][vc_column][az_divider][\/vc_column][\/vc_row][vc_row][vc_column][az_column_text]\n<h3>AMBITO DI CONOSCENZA DEI DATI<\/h3>\n[\/az_column_text][\/vc_column][\/vc_row][vc_row][vc_column][az_column_text]I dati possono essere conosciuti dal personale di Articolo V Horse Academy Training For Business, con sede in Via Caliselle 29, Colle Umberto (Treviso), ed in particolare, verr\u00e0 a conoscenza dei dati il personale addetto aree commerciale, amministrativa e marketing.[\/az_column_text][\/vc_column][\/vc_row][vc_row][vc_column][az_divider][\/vc_column][\/vc_row][vc_row][vc_column][az_column_text]\n<h3>TITOLARE DEL TRATTAMENTO E RESPONSABILE<\/h3>\n[\/az_column_text][\/vc_column][\/vc_row][vc_row][vc_column][az_column_text]Titolare del trattamento \u00e8 Articolo V Horse Academy Training For Business, con sede in Via Caliselle 29, Colle Umberto (Treviso).[\/az_column_text][\/vc_column][\/vc_row][vc_row][vc_column][az_divider][\/vc_column][\/vc_row][vc_row][vc_column][az_column_text]\n<h3>ESERCIZIO DEI DIRITTI DI CUI AGLI ARTT. 15-21 DEL REGOLAMENTO 679<\/h3>\n[\/az_column_text][\/vc_column][\/vc_row][vc_row][vc_column][az_column_text]In ogni momento, potrete esercitare i diritti in capo all\u2019interessato previsti dal GDPR, facendo richiesta a Articolo V Horse Academy Training For Business (all\u2019indirizzo sopra riportato) oppure anche inviando una e-mail a: <a href=\"mailto:info@articolovtrainingforbusiness.com\">info@articolovtrainingforbusiness.com<\/a><\/p>\n<p>Acquisite le informazioni fornite da Articolo V Horse Academy Training For Business, con sede in Via Caliselle 29, Colle Umberto (Treviso), ai sensi dell\u2019articolo 13 del GDPR, l\u2019utente \u2013 dichiarando di essere maggiorenne o di avere almeno 14 anni &#8211; presta il proprio consenso per l\u2019inserimento dei dati personali nell\u2019archivio elettronico ai fini dalla newsletter (o altro servizio o richiesta) ed il conseguente trattamento dei propri dati personali per le finalit\u00e0 connesse<\/p>\n<p>Presta il proprio consenso per l\u2019inserimento dei propri dati personali nell\u2019archivio elettronico ai fini di marketing, comunicazioni commerciali e pubblicitarie dei propri prodotti o servizi.[\/az_column_text][\/vc_column][\/vc_row][vc_row][vc_column][az_divider][\/vc_column][\/vc_row][vc_row padding=&#8221;custom-padding&#8221; padding_top_value=&#8221;&#8221;][vc_column][az_column_text]<strong>Note<\/strong><br \/>\n(1) I dati inseriti dall\u2019interessato nel sito internet dell\u2019azienda titolare del trattamento possono essere utilizzati per l\u2019invio di materiale pubblicitario o di vendita diretta o per il compimento di ricerche di mercato o di comunicazione commerciale tramite l\u2019impiego del telefono e della posta cartacea solo nei confronti di chi non abbia esercitato il diritto di opposizione mediante l\u2019iscrizione nel Registro Pubblico delle Opposizioni, salvo che l\u2019interessato abbia rilasciato un esplicito consenso in tal senso.[\/az_column_text][\/vc_column][\/vc_row]\n","protected":false},"excerpt":{"rendered":"<p>[vc_row padding=&#8221;custom-padding&#8221; padding_bottom_value=&#8221;0&#8243;][vc_column][az_column_text]Conformemente a quanto previsto dall\u2019art. 13 del Regolamento (UE) 2016\/679, la nostra Societ\u00e0 Articolo V Horse Academy Training For Business, con sede in Via Caliselle 29, Colle Umberto (Treviso), Titolare del trattamento, [&hellip;]<\/p>\n","protected":false},"author":4,"featured_media":0,"parent":0,"menu_order":0,"comment_status":"closed","ping_status":"closed","template":"","meta":{"_mi_skip_tracking":false},"yoast_head":"<!-- This site is optimized with the Yoast SEO plugin v19.14 - https:\/\/yoast.com\/wordpress\/plugins\/seo\/ -->\n<title>Consenso informato - Articolo V Training for Business<\/title>\n<meta name=\"robots\" content=\"index, follow, max-snippet:-1, max-image-preview:large, max-video-preview:-1\" \/>\n<link rel=\"canonical\" href=\"https:\/\/www.articolovtrainingforbusiness.com\/index.php\/consenso-informato\/\" \/>\n<meta property=\"og:locale\" content=\"it_IT\" \/>\n<meta property=\"og:type\" content=\"article\" \/>\n<meta property=\"og:title\" content=\"Consenso informato - Articolo V Training for Business\" \/>\n<meta property=\"og:description\" content=\"[vc_row padding=&#8221;custom-padding&#8221; padding_bottom_value=&#8221;0&#8243;][vc_column][az_column_text]Conformemente a quanto previsto dall\u2019art. 13 del Regolamento (UE) 2016\/679, la nostra Societ\u00e0 Articolo V Horse Academy Training For Business, con sede in Via Caliselle 29, Colle Umberto (Treviso), Titolare del trattamento, [&hellip;]\" \/>\n<meta property=\"og:url\" content=\"https:\/\/www.articolovtrainingforbusiness.com\/index.php\/consenso-informato\/\" \/>\n<meta property=\"og:site_name\" content=\"Articolo V Training for Business\" \/>\n<meta property=\"article:modified_time\" content=\"2018-06-07T14:33:08+00:00\" \/>\n<meta name=\"twitter:card\" content=\"summary_large_image\" \/>\n<meta name=\"twitter:label1\" content=\"Tempo di lettura stimato\" \/>\n\t<meta name=\"twitter:data1\" content=\"5 minuti\" \/>\n<script type=\"application\/ld+json\" class=\"yoast-schema-graph\">{\"@context\":\"https:\/\/schema.org\",\"@graph\":[{\"@type\":\"WebPage\",\"@id\":\"https:\/\/www.articolovtrainingforbusiness.com\/index.php\/consenso-informato\/\",\"url\":\"https:\/\/www.articolovtrainingforbusiness.com\/index.php\/consenso-informato\/\",\"name\":\"Consenso informato - Articolo V Training for Business\",\"isPartOf\":{\"@id\":\"https:\/\/www.articolovtrainingforbusiness.com\/#website\"},\"datePublished\":\"2018-05-25T07:28:50+00:00\",\"dateModified\":\"2018-06-07T14:33:08+00:00\",\"breadcrumb\":{\"@id\":\"https:\/\/www.articolovtrainingforbusiness.com\/index.php\/consenso-informato\/#breadcrumb\"},\"inLanguage\":\"it-IT\",\"potentialAction\":[{\"@type\":\"ReadAction\",\"target\":[\"https:\/\/www.articolovtrainingforbusiness.com\/index.php\/consenso-informato\/\"]}]},{\"@type\":\"BreadcrumbList\",\"@id\":\"https:\/\/www.articolovtrainingforbusiness.com\/index.php\/consenso-informato\/#breadcrumb\",\"itemListElement\":[{\"@type\":\"ListItem\",\"position\":1,\"name\":\"Home\",\"item\":\"https:\/\/www.articolovtrainingforbusiness.com\/\"},{\"@type\":\"ListItem\",\"position\":2,\"name\":\"Consenso informato\"}]},{\"@type\":\"WebSite\",\"@id\":\"https:\/\/www.articolovtrainingforbusiness.com\/#website\",\"url\":\"https:\/\/www.articolovtrainingforbusiness.com\/\",\"name\":\"Articolo V Training for Business\",\"description\":\"I cavalli nella formazione\",\"publisher\":{\"@id\":\"https:\/\/www.articolovtrainingforbusiness.com\/#organization\"},\"potentialAction\":[{\"@type\":\"SearchAction\",\"target\":{\"@type\":\"EntryPoint\",\"urlTemplate\":\"https:\/\/www.articolovtrainingforbusiness.com\/?s={search_term_string}\"},\"query-input\":\"required name=search_term_string\"}],\"inLanguage\":\"it-IT\"},{\"@type\":\"Organization\",\"@id\":\"https:\/\/www.articolovtrainingforbusiness.com\/#organization\",\"name\":\"Articolo V Horse Academy\",\"url\":\"https:\/\/www.articolovtrainingforbusiness.com\/\",\"logo\":{\"@type\":\"ImageObject\",\"inLanguage\":\"it-IT\",\"@id\":\"https:\/\/www.articolovtrainingforbusiness.com\/#\/schema\/logo\/image\/\",\"url\":\"https:\/\/www.articolovtrainingforbusiness.com\/wp-content\/uploads\/articolo-v-training-for-business-logo-2.jpg\",\"contentUrl\":\"https:\/\/www.articolovtrainingforbusiness.com\/wp-content\/uploads\/articolo-v-training-for-business-logo-2.jpg\",\"width\":250,\"height\":163,\"caption\":\"Articolo V Horse Academy\"},\"image\":{\"@id\":\"https:\/\/www.articolovtrainingforbusiness.com\/#\/schema\/logo\/image\/\"}}]}<\/script>\n<!-- \/ Yoast SEO plugin. -->","yoast_head_json":{"title":"Consenso informato - Articolo V Training for Business","robots":{"index":"index","follow":"follow","max-snippet":"max-snippet:-1","max-image-preview":"max-image-preview:large","max-video-preview":"max-video-preview:-1"},"canonical":"https:\/\/www.articolovtrainingforbusiness.com\/index.php\/consenso-informato\/","og_locale":"it_IT","og_type":"article","og_title":"Consenso informato - Articolo V Training for Business","og_description":"[vc_row padding=&#8221;custom-padding&#8221; padding_bottom_value=&#8221;0&#8243;][vc_column][az_column_text]Conformemente a quanto previsto dall\u2019art. 13 del Regolamento (UE) 2016\/679, la nostra Societ\u00e0 Articolo V Horse Academy Training For Business, con sede in Via Caliselle 29, Colle Umberto (Treviso), Titolare del trattamento, [&hellip;]","og_url":"https:\/\/www.articolovtrainingforbusiness.com\/index.php\/consenso-informato\/","og_site_name":"Articolo V Training for Business","article_modified_time":"2018-06-07T14:33:08+00:00","twitter_card":"summary_large_image","twitter_misc":{"Tempo di lettura stimato":"5 minuti"},"schema":{"@context":"https:\/\/schema.org","@graph":[{"@type":"WebPage","@id":"https:\/\/www.articolovtrainingforbusiness.com\/index.php\/consenso-informato\/","url":"https:\/\/www.articolovtrainingforbusiness.com\/index.php\/consenso-informato\/","name":"Consenso informato - Articolo V Training for Business","isPartOf":{"@id":"https:\/\/www.articolovtrainingforbusiness.com\/#website"},"datePublished":"2018-05-25T07:28:50+00:00","dateModified":"2018-06-07T14:33:08+00:00","breadcrumb":{"@id":"https:\/\/www.articolovtrainingforbusiness.com\/index.php\/consenso-informato\/#breadcrumb"},"inLanguage":"it-IT","potentialAction":[{"@type":"ReadAction","target":["https:\/\/www.articolovtrainingforbusiness.com\/index.php\/consenso-informato\/"]}]},{"@type":"BreadcrumbList","@id":"https:\/\/www.articolovtrainingforbusiness.com\/index.php\/consenso-informato\/#breadcrumb","itemListElement":[{"@type":"ListItem","position":1,"name":"Home","item":"https:\/\/www.articolovtrainingforbusiness.com\/"},{"@type":"ListItem","position":2,"name":"Consenso informato"}]},{"@type":"WebSite","@id":"https:\/\/www.articolovtrainingforbusiness.com\/#website","url":"https:\/\/www.articolovtrainingforbusiness.com\/","name":"Articolo V Training for Business","description":"I cavalli nella formazione","publisher":{"@id":"https:\/\/www.articolovtrainingforbusiness.com\/#organization"},"potentialAction":[{"@type":"SearchAction","target":{"@type":"EntryPoint","urlTemplate":"https:\/\/www.articolovtrainingforbusiness.com\/?s={search_term_string}"},"query-input":"required name=search_term_string"}],"inLanguage":"it-IT"},{"@type":"Organization","@id":"https:\/\/www.articolovtrainingforbusiness.com\/#organization","name":"Articolo V Horse Academy","url":"https:\/\/www.articolovtrainingforbusiness.com\/","logo":{"@type":"ImageObject","inLanguage":"it-IT","@id":"https:\/\/www.articolovtrainingforbusiness.com\/#\/schema\/logo\/image\/","url":"https:\/\/www.articolovtrainingforbusiness.com\/wp-content\/uploads\/articolo-v-training-for-business-logo-2.jpg","contentUrl":"https:\/\/www.articolovtrainingforbusiness.com\/wp-content\/uploads\/articolo-v-training-for-business-logo-2.jpg","width":250,"height":163,"caption":"Articolo V Horse Academy"},"image":{"@id":"https:\/\/www.articolovtrainingforbusiness.com\/#\/schema\/logo\/image\/"}}]}},"_links":{"self":[{"href":"https:\/\/www.articolovtrainingforbusiness.com\/index.php\/wp-json\/wp\/v2\/pages\/904"}],"collection":[{"href":"https:\/\/www.articolovtrainingforbusiness.com\/index.php\/wp-json\/wp\/v2\/pages"}],"about":[{"href":"https:\/\/www.articolovtrainingforbusiness.com\/index.php\/wp-json\/wp\/v2\/types\/page"}],"author":[{"embeddable":true,"href":"https:\/\/www.articolovtrainingforbusiness.com\/index.php\/wp-json\/wp\/v2\/users\/4"}],"replies":[{"embeddable":true,"href":"https:\/\/www.articolovtrainingforbusiness.com\/index.php\/wp-json\/wp\/v2\/comments?post=904"}],"version-history":[{"count":4,"href":"https:\/\/www.articolovtrainingforbusiness.com\/index.php\/wp-json\/wp\/v2\/pages\/904\/revisions"}],"predecessor-version":[{"id":930,"href":"https:\/\/www.articolovtrainingforbusiness.com\/index.php\/wp-json\/wp\/v2\/pages\/904\/revisions\/930"}],"wp:attachment":[{"href":"https:\/\/www.articolovtrainingforbusiness.com\/index.php\/wp-json\/wp\/v2\/media?parent=904"}],"curies":[{"name":"wp","href":"https:\/\/api.w.org\/{rel}","templated":true}]}}